). Let i be (f + (-252)/(-2))*-1. Let o = -14 - i. What are the prime factors of o?
2, 3, 19
Let m(c) be the second derivative of 19*c**4/24 - 14*c**3/3 - 25*c**2/2 + 18*c. Let s(o) be the first derivative of m(o). List the prime factors of s(8).
2, 31
Suppose 0 = i + 4*t - 224, -5*t + 442 = 3*i - 286. List the prime factors of i.
2
Suppose 193586 - 316921 - 536041 = -18*n. What are the prime factors of n?
2, 19, 241
Let o(q) = 3*q + 25. Let l be o(-3). Suppose -l*d - 902 = -3*y - 11*d, -2*y = -3*d - 603. List the prime factors of y.
3, 103
Let h(f) = -f**3 + 11*f**2 - 13*f + 9. Let a be h(10). Let q(s) = -s**3 + 4*s**2 + 5*s + 14. Let v be q(0). List the prime factors of (-4 - (-52)/v)*a.
2, 3
Let h = 71169 - 44431. What are the prime factors of h?
2, 29, 461
Let a be 12/9 + 292/6. Suppose -5*j + 6 = -0*b + b, -5*b = 5*j - a. List the prime factors of (1 - (20 - 1))*(-12 + b).
2, 3
Let u(f) = f. Let y(z) = -7*z - 11. Let s(q) = -18*u(q) - 2*y(q). Let r be s(5). What are the prime factors of ((-54)/8)/((-58)/(-32) - r)?
2, 3
Let g = -8087 + 13024. What are the prime factors of g?
4937
Suppose 2*o - 7 = 1. Suppose o*w = 1601 - 105. What are the prime factors of w?
2, 11, 17
Let d be (72/40)/(1/5). Suppose -3*j - 15 = -d. List the prime factors of ((4 + -50)/j)/(2/8).
2, 23
Let a(u) = u**2 - 20*u + 20. Let w be a(19). Let v be 7/(7/2)*(-2)/w. Let g(s) = s**3 + 4*s**2 + s + 11. What are the prime factors of g(v)?
7
Let a(r) = -2*r**3 - 20*r**2 - 63. Let x(w) = -5*w**3 - 58*w**2 - w - 188. Let t(z) = -8*a(z) + 3*x(z). What are the prime factors of t(18)?
2, 3, 197
Suppose 12*y + 165283 = 16*y - 158585. What are the prime factors of y?
3, 137, 197
Let i(x) = x**2 - x + 27. Let l(o) = -o**2. Let z(r) = -2*r**2 + 8*r + 12. Let m(f) = -3*l(f) + z(f). Let t be m(-6). List the prime factors of i(t).
3
Let i be -230*(1/5)/((-40)/900). Let q = i - 321. List the prime factors of q.
2, 3, 7, 17
Suppose 96467 = 111*x + 23651. List the prime factors of x.
2, 41
What are the prime factors of -812*2*(-230 - -220)?
2, 5, 7, 29
Suppose 0 = 4*z + 115*b - 113*b - 151668, z = 2*b + 37922. What are the prime factors of z?
2, 18959
Let u = -4853 - -8810. Suppose 0 = 9*v - u - 912. What are the prime factors of v?
541
Suppose 12*a - 27470 - 19318 = 0. What are the prime factors of a?
7, 557
Let g = -8062 - -13543. What are the prime factors of g?
3, 7, 29
Suppose 3*g - 10 = -1, -2*v + 9 = -g. Suppose -v*y + 257 - 47 = 0. What are the prime factors of y?
5, 7
Let a(p) = p**3 + p + 1. Let g be (-204)/(-30) + 20/(-25). Let b be a(g). Let d = -38 + b. List the prime factors of d.
5, 37
Suppose 0*p = 3*p - 3*z - 6, 0 = -3*p - 5*z - 2. What are the prime factors of 432 - (2/1 - p)?
431
Let j(a) = -5*a**2 - 75*a - 5. Let y(f) = -f**2 - 15*f - 1. Let k = 41 - 43. Let i(w) = k*j(w) + 11*y(w). What are the prime factors of i(-13)?
5
Let d(o) = -6*o**2 + 40*o + 3. Let t be d(7). Let v(u) = -10*u - 16. Let r be v(t). Suppose -p = -r + 49. List the prime factors of p.
3, 5
Let d = 150214 - 57383. List the prime factors of d.
92831
List the prime factors of ((-8)/10)/((438/38325)/((-637)/5)).
2, 7, 13
Let w(k) = k + 6. Let n be w(-12). List the prime factors of 257 - (-2)/(n/(-3)).
2, 3, 43
Let q = 42 + -38. Suppose v - q = 3*k, -k + v - 20 = -4*v. Suppose -10*r + 6*r + 196 = k. What are the prime factors of r?
7
Let o = -12859 + 18956. List the prime factors of o.
7, 13, 67
Suppose 12*h + 1128 = 24*h. Let w = h + -82. What are the prime factors of ((-466)/(-4))/(((-42)/w)/(-7))?
233
Let q = 82 - 47. List the prime factors of 13853/q + (-24)/(-20) + -2.
5, 79
Suppose -116*b = 45*b - 771029. List the prime factors of b.
4789
Let x(d) = 205*d**2 - 37*d + 22. What are the prime factors of x(6)?
2, 5, 359
Let p(v) = -70*v**3 + 3*v**2 + 15*v + 17. What are the prime factors of p(-5)?
11, 797
Let d(t) = -t**2 - 8*t + 2. Let s be d(-8). Suppose -s = 5*j - 2. Suppose 9*g - 135 = -j*g. What are the prime factors of g?
3, 5
Let y be -1 + ((-1683)/(-9) - (6 + -2)). Suppose c + 8*i - 19 = 3*i, c + i - 3 = 0. Let r = y - c. List the prime factors of r.
3, 61
Let b(y) = 29*y - 64. Suppose 6*o - 2*o = -5*g + 91, -o + 34 = 5*g. List the prime factors of b(o).
487
Suppose -766354 = 56*l - 129*l. What are the prime factors of l?
2, 29, 181
What are the prime factors of 11 + (-559394)/(-55) + 1/5?
2, 3, 1697
Suppose -797*a + 798*a = 3781. Suppose 2*y = -3*n + 5685, 2*y = -4*n + a + 3799. What are the prime factors of n?
5, 379
Let q(v) = -25*v**3 - 108*v**2 - 1176*v + 18. What are the prime factors of q(-11)?
33161
List the prime factors of 10980/210 + -52 + (0 - 278017/(-7)).
3, 1471
Let x(k) = 2*k**3 - 70*k**2 - 7*k - 13. Let j be x(35). Let u = -33 - j. What are the prime factors of u?
3, 5
Suppose 76*t - 47*t = 232. Suppose 574 = 2*x + 2*y, 3*x - t*x - y = -1443. What are the prime factors of x?
17
Suppose 2*f + 1 + 7 = 0, 0 = 4*x - 5*f - 1740. Let y = x + -386. What are the prime factors of y?
2, 11
Let g = 107 - 102. Suppose g*u - 766 = 2*f, -5*u - 4*f + 0*f = -748. What are the prime factors of u?
2, 19
Suppose 8*t - 41457 = 6447. What are the prime factors of t?
2, 3, 499
List the prime factors of 10*108/(-243)*-9*131.
2, 5, 131
Let f(z) = -4*z + 44. Let i be f(11). Suppose i = 3*g - 9*g + 1242. List the prime factors of g.
3, 23
Let d(n) = n**2 - 11*n - 9. Let y be 2*(2 + (3 - -1)). Let b be d(y). Suppose -m - 107 = -t + b*m, 2*m - 184 = -2*t. List the prime factors of t.
5, 19
Suppose 2*w + 12543 = s, -4*s - 5*w + 0*w + 50185 = 0. List the prime factors of s.
5, 13, 193
Suppose -p + 32 = -0*p - 4*g, -5*p + 235 = 5*g. Let d = -40 + p. List the prime factors of d.
2
Suppose 3*d - 8029 = 113*a - 108*a, -2*a - 4 = 0. List the prime factors of d.
3, 11
Let c = -67 - -72. Suppose -5*n + 46 = -c*y + 16, 0 = n + y. What are the prime factors of n?
3
Suppose 20*k + 448 = 24*k. Suppose 312 = 2*h - k. Let a = -67 + h. List the prime factors of a.
5, 29
Let w(h) = 11*h - 11. Let v(q) = 12*q - 12. Let m(d) = -5*v(d) + 6*w(d). List the prime factors of m(39).
2, 3, 19
What are the prime factors of (1 + (-170050)/20)*-2?
7, 347
Let u(h) = -18 - 16 - h**3 + 13 - h**2 - 13*h. List the prime factors of u(-7).
2, 7, 13
Let v(y) = 55*y + 2552. What are the prime factors of v(0)?
2, 11, 29
Suppose -5*a = -4*p - a + 16, -4*a = -5*p + 17. Suppose 1 = -u - 0*u + h, -5*u = -4*h + p. Suppose s = -u*s + 344. List the prime factors of s.
2, 43
Suppose -5*r = -2871 - 779. Let d = r + -501. What are the prime factors of d?
229
Let y = 132 + -128. Suppose i - 451 = -y*p, -i + 2*p + 1283 = 2*i. Suppose 12*h - i = 157. What are the prime factors of h?
7
Suppose -5*u = -4*q - 161, 2*q + 65 = 2*u + q. Suppose -34*a + u*a + 56 = 0. List the prime factors of (-6 + 4 - a/3)*-3.
2, 31
Let r(z) = 3*z**2 - 98*z + 11. Let t be r(22). Let w = t + 1602. List the prime factors of w.
3, 101
Let x(i) = -i + 5. Let l be x(-8). Let s be (-6)/(-36) + (l/(-6) - -2). Let q = s + 65. List the prime factors of q.
5, 13
Let h(v) = 10*v**2 + 10. Let d be h(5). Let u = d + -136. Suppose 0 = 5*k - u - 576. What are the prime factors of k?
2, 5, 7
Suppose -24 = 13*l - 11. Let u(r) be the first derivative of 50*r**3/3 + 4. List the prime factors of u(l).
2, 5
Let u = -13 - -25. Let o(c) = -c**2 - 30*c - 29. Let a be o(-13). Suppose -u*p + a = -10*p. List the prime factors of p.
2, 3
What are the prime factors of 43000/(-300)*18/(-5)?
2, 3, 43
Suppose 2*g + j + 18 = -11, 0 = 4*g - 4*j + 40. Let i(n) = -n**3 - 11*n**2 - 28*n - 17. What are the prime factors of i(g)?
5, 137
Suppose -18 = -2*v + 3*x, 4 = 7*x - 8*x. Suppose 2*g + v*a - 1333 = 0, g - 3*a - 1315 = -g. What are the prime factors of g?
2, 331
Suppose 0 = 3*z - 7 + 1. Suppose 2*c - z*u - 302 = 0, 4*c - 613 = -0*u + u. Suppose -4*n - c = -594. What are the prime factors of n?
2, 5, 11
Let v = -774 - -776. Suppose -4*w = -z + 1345, 5*w = -2*z - v*z + 5359. List the prime factors of z.
3, 149
Let d(t) = 15*t**2 + 1. Let k be d(-1). Let i = k + -16. Suppose -8 + i = -4*z, -2*z + 1004 = 5*b. List the prime factors of b.
2, 5
What are the prime factors of -1*10*(-113047)/215?
2, 11, 239
Suppose -3*h = -3*j + 37314, -19*j + 24*j + h = 62154. What are the prime factors of j?
2, 3, 7, 37
Suppose 1